{"id":544,"date":"2023-03-07T01:55:43","date_gmt":"2023-03-07T00:55:43","guid":{"rendered":"https:\/?page_id=544"},"modified":"2024-02-19T20:50:09","modified_gmt":"2024-02-19T19:50:09","slug":"bio","status":"publish","type":"page","link":"https:\/\/clan-nordag.com\/index.php\/bio\/","title":{"rendered":"Bio"},"content":{"rendered":"\r\n<figure class=\"wp-block-image size-large\"><img decoding=\"async\" loading=\"lazy\" width=\"1024\" height=\"683\" class=\"wp-image-553\" src=\"https:\/\/clan-nordag.com\/wp-content\/uploads\/2023\/03\/316206320_569213245212557_895974132740999302_n-1024x683.jpg\" alt=\"\" srcset=\"https:\/\/clan-nordag.com\/wp-content\/uploads\/2023\/03\/316206320_569213245212557_895974132740999302_n-1024x683.jpg 1024w, https:\/\/clan-nordag.com\/wp-content\/uploads\/2023\/03\/316206320_569213245212557_895974132740999302_n-300x200.jpg 300w, https:\/\/clan-nordag.com\/wp-content\/uploads\/2023\/03\/316206320_569213245212557_895974132740999302_n-768x512.jpg 768w, https:\/\/clan-nordag.com\/wp-content\/uploads\/2023\/03\/316206320_569213245212557_895974132740999302_n-1536x1024.jpg 1536w, https:\/\/clan-nordag.com\/wp-content\/uploads\/2023\/03\/316206320_569213245212557_895974132740999302_n-600x400.jpg 600w, https:\/\/clan-nordag.com\/wp-content\/uploads\/2023\/03\/316206320_569213245212557_895974132740999302_n.jpg 2048w\" sizes=\"(max-width: 1024px) 100vw, 1024px\" \/>\r\n<figcaption>Formation live en 2022-2023 avec de gauche \u00e0 droite Lilian, Simone, Frank et Hermine<\/figcaption>\r\n<\/figure>\r\n\r\n\r\n\r\n<p><strong style=\"font-size: 3em;\">T<\/strong>out commence en 2017 quand Frank Nordag poste son morceau \u00ab In utero \u00bb sur Facebook\u2026 Suite \u00e0 la d\u00e9couverte de ce morceau, Hermine (une amie bretonne) propose d\u2019enregistrer des choeurs. L\u2019embryon du groupe est n\u00e9. Tout un symbole ! A partir de ce moment-l\u00e0, le projet devient plus s\u00e9rieux avec un album \u00e0 la cl\u00e9. Les enregistrements de la voix douce et a\u00e9rienne d\u2019Hermine d\u00e9butent quelques mois plus tard (\u00ab Solstice d&rsquo;\u00e9t\u00e9 \u00bb et \u00ab In utero \u00bb sont enregistr\u00e9s durant cette p\u00e9riode).<\/p>\r\n\r\n\r\n\r\n<p>En 2018, durant une soir\u00e9e chez une amie en commun, Frank et Hermine entendent \u00ab Le bouclier de Freya \u00bb compos\u00e9 par une chanteuse \u00e0 l\u2019\u00e2me guerri\u00e8re : Ir\u00e8ne de France qui appr\u00e9cie la mythologie nordique. Impressionn\u00e9s, ils proposent \u00e0 Ir\u00e8ne d\u2019\u00e9couter les morceaux de leur groupe peu de temps apr\u00e8s. C&rsquo;est un coup de c\u0153ur r\u00e9ciproque ! Quelques mois apr\u00e8s, Ir\u00e8ne participe aux enregistrements en \u00e9tant enceinte. Pendant cette p\u00e9riode de gestation, elle pose sa voix habit\u00e9e sur \u00ab In utero \u00bb et aussi sur \u00ab Yggdrasil \u00bb, \u00ab Sant Erwan \u00bb\u2026 Pendant ce temps, Hermine se met \u00e0 composer de son c\u00f4t\u00e9. Surpris par la d\u00e9couverte de ce talent prometteur, Frank propose \u00e0 Hermine d\u2019envoyer ses compositions : Hermine devient aussi auteure\/compositeure\/interpr\u00e8te comme Ir\u00e8ne et Frank. Elle compose plusieurs morceaux aux influences celtiques comme \u00ab Bae an anaon \u00bb ou \u00ab Broc\u00e9liande \u00bb qui lui rappellent sa Bretagne natale.<br \/><br \/>Lorsque le groupe devient un trio, le nom \u00ab Clan Nordag \u00bb est adopt\u00e9 \u00e0 l\u2019unanimit\u00e9. Le style musical du groupe (ambient-folk-rock) s&rsquo;est fix\u00e9 en 2018 \u00e9galement. Les 3 membres, auteurs\/compositeurs\/interpr\u00e8tes, sont influenc\u00e9s \u00e0 la fois par la musique traditionnelle celto-nordique (Faun, C\u00e9cile Corbel, Malicorne, La\u00efs, Myrkur\u2026), le rock celtique (The Pogues, Matmatah\u2026) et la sc\u00e8ne gothique (Dead can dance, Qntal\u2026). Clan Nordag prend la d\u00e9cision de chanter tous les morceaux en fran\u00e7ais en s\u2019inspirant \u00e0 la fois de la musique traditionnelle et des influences modernes pour pr\u00e9server et renouveler le patrimoine musical fran\u00e7ais \u00e0 leur niveau\u2026 Tout au long du processus, Frank travaille sur tous les arrangements de l\u2019album pour obtenir un ensemble harmonieux.<\/p>\r\n\r\n\r\n\r\n<figure class=\"wp-block-image size-large\"><img decoding=\"async\" loading=\"lazy\" width=\"1024\" height=\"768\" class=\"wp-image-554\" src=\"https:\/\/clan-nordag.com\/wp-content\/uploads\/2023\/03\/120514541_2676192579297642_6629764025152113700_n-1024x768.jpg\" alt=\"\" srcset=\"https:\/\/clan-nordag.com\/wp-content\/uploads\/2023\/03\/120514541_2676192579297642_6629764025152113700_n-1024x768.jpg 1024w, https:\/\/clan-nordag.com\/wp-content\/uploads\/2023\/03\/120514541_2676192579297642_6629764025152113700_n-300x225.jpg 300w, https:\/\/clan-nordag.com\/wp-content\/uploads\/2023\/03\/120514541_2676192579297642_6629764025152113700_n-768x576.jpg 768w, https:\/\/clan-nordag.com\/wp-content\/uploads\/2023\/03\/120514541_2676192579297642_6629764025152113700_n-600x450.jpg 600w, https:\/\/clan-nordag.com\/wp-content\/uploads\/2023\/03\/120514541_2676192579297642_6629764025152113700_n.jpg 1382w\" sizes=\"(max-width: 1024px) 100vw, 1024px\" \/>\r\n<figcaption>Formation d&rsquo;origine avec de gauche \u00e0 droite Hermine, Frank et Ir\u00e8ne<\/figcaption>\r\n<\/figure>\r\n\r\n\r\n\r\n<p>En 2020, le trio d\u00e9cide de recruter une illustratrice pour traduire en image l\u2019univers du groupe. Une amie du groupe rejoint le projet : Elin Cr\u00e9ations. Elle con\u00e7oit toutes les peintures sur l\u2019ensemble du disque pendant plusieurs mois : l\u2019album devient ainsi une v\u00e9ritable \u0153uvre d\u2019art sonore et visuelle. En effet, les diff\u00e9rentes aquarelles font voyager visuellement les auditeurs dans un univers imaginaire qui prolonge les ambiances de la musique.<br \/><br \/>Afin de proposer au public un son authentique et professionnel, Clan Nordag fait appel \u00e0 Adrien Thore (Luc Arbogast, Skald, les derniers trouveres\u2026) pour qu\u2019il r\u00e9alise le mixage et le mastering de l\u2019album. Leur 1er album intitul\u00e9 \u00ab Triade \u00bb sort le 1er Mai 2021 sur le label Edwin Muzik. L&rsquo;album est mis en ligne sur plus de 200 plateformes de streaming le 1er Juin 2021 (Spotify, Deezer\u2026).<br \/><br \/>En parall\u00e8le, Clan Nordag commence \u00e0 travailler les morceaux en r\u00e9p\u00e9tition \u00e0 partir de 2019 et s&rsquo;agrandit en pr\u00e9vision des futurs concerts : Simone rejoint le groupe pour jouer de la fl\u00fbte. Les r\u00e9p\u00e9titions ont \u00e9t\u00e9 mises en pause durant la p\u00e9riode du covid. En 2022, Lilian arrive dans le groupe pour jouer de la batterie et des percussions. Clan Nordag fait quelques concert \u00e0 Paris durant la p\u00e9riode 2022-2023 (Caves Saint Sabin, L&rsquo;Eurydice, Le Ton air de Brest&#8230;) . Suite au d\u00e9part de Lilian en 2023, Clan Nordag se met \u00e0 travailler sur le futur album intitul\u00e9 \u00ab\u00a0M\u00e9tamorphoses\u00a0\u00bb.<br \/><br \/><strong>Composition du groupe<\/strong><br \/>Frank Nordag : Chant, guitare, clavier, shruti-box, guimbarde&#8230;<br \/>Hermine : Chant, harpe celtique<br \/>Ir\u00e8ne : Chant, guitare<br \/>Simone : Fl\u00fbte<\/p>\r\n","protected":false},"excerpt":{"rendered":"<p>Formation live en 2022-2023 avec de gauche \u00e0 droite Lilian, Simone, Frank et Hermine Tout commence en 2017 quand Frank Nordag poste son morceau \u00ab In utero \u00bb sur Facebook\u2026 Suite \u00e0 la d\u00e9couverte de ce morceau, Hermine (une amie bretonne) propose d\u2019enregistrer des choeurs. L\u2019embryon du groupe est n\u00e9. Tout un symbole ! A [&hellip;]<\/p>\n","protected":false},"author":1,"featured_media":0,"parent":0,"menu_order":0,"comment_status":"closed","ping_status":"closed","template":"page-templates\/template-page-personnalisee.php","meta":{"footnotes":""},"yoast_head":"<!-- This site is optimized with the Yoast SEO plugin v21.0 - https:\/\/yoast.com\/wordpress\/plugins\/seo\/ -->\n<title>Bio - Clan Nordag<\/title>\n<meta name=\"robots\" content=\"index, follow, max-snippet:-1, max-image-preview:large, max-video-preview:-1\" \/>\n<link rel=\"canonical\" href=\"https:\/\/clan-nordag.com\/index.php\/bio\/\" \/>\n<meta property=\"og:locale\" content=\"fr_FR\" \/>\n<meta property=\"og:type\" content=\"article\" \/>\n<meta property=\"og:title\" content=\"Bio - Clan Nordag\" \/>\n<meta property=\"og:description\" content=\"Formation live en 2022-2023 avec de gauche \u00e0 droite Lilian, Simone, Frank et Hermine Tout commence en 2017 quand Frank Nordag poste son morceau \u00ab In utero \u00bb sur Facebook\u2026 Suite \u00e0 la d\u00e9couverte de ce morceau, Hermine (une amie bretonne) propose d\u2019enregistrer des choeurs. L\u2019embryon du groupe est n\u00e9. Tout un symbole ! A [&hellip;]\" \/>\n<meta property=\"og:url\" content=\"https:\/\/clan-nordag.com\/index.php\/bio\/\" \/>\n<meta property=\"og:site_name\" content=\"Clan Nordag\" \/>\n<meta property=\"article:modified_time\" content=\"2024-02-19T19:50:09+00:00\" \/>\n<meta property=\"og:image\" content=\"https:\/\/clan-nordag.com\/wp-content\/uploads\/2023\/03\/316206320_569213245212557_895974132740999302_n-1024x683.jpg\" \/>\n<meta name=\"twitter:card\" content=\"summary_large_image\" \/>\n<meta name=\"twitter:label1\" content=\"Dur\u00e9e de lecture estim\u00e9e\" \/>\n\t<meta name=\"twitter:data1\" content=\"4 minutes\" \/>\n<script type=\"application\/ld+json\" class=\"yoast-schema-graph\">{\"@context\":\"https:\/\/schema.org\",\"@graph\":[{\"@type\":\"WebPage\",\"@id\":\"https:\/\/clan-nordag.com\/index.php\/bio\/\",\"url\":\"https:\/\/clan-nordag.com\/index.php\/bio\/\",\"name\":\"Bio - Clan Nordag\",\"isPartOf\":{\"@id\":\"https:\/\/clan-nordag.com\/#website\"},\"datePublished\":\"2023-03-07T00:55:43+00:00\",\"dateModified\":\"2024-02-19T19:50:09+00:00\",\"breadcrumb\":{\"@id\":\"https:\/\/clan-nordag.com\/index.php\/bio\/#breadcrumb\"},\"inLanguage\":\"fr-FR\",\"potentialAction\":[{\"@type\":\"ReadAction\",\"target\":[\"https:\/\/clan-nordag.com\/index.php\/bio\/\"]}]},{\"@type\":\"BreadcrumbList\",\"@id\":\"https:\/\/clan-nordag.com\/index.php\/bio\/#breadcrumb\",\"itemListElement\":[{\"@type\":\"ListItem\",\"position\":1,\"name\":\"Accueil\",\"item\":\"https:\/\/clan-nordag.com\/\"},{\"@type\":\"ListItem\",\"position\":2,\"name\":\"Bio\"}]},{\"@type\":\"WebSite\",\"@id\":\"https:\/\/clan-nordag.com\/#website\",\"url\":\"https:\/\/clan-nordag.com\/\",\"name\":\"Clan Nordag\",\"description\":\"Site officiel du groupe\",\"potentialAction\":[{\"@type\":\"SearchAction\",\"target\":{\"@type\":\"EntryPoint\",\"urlTemplate\":\"https:\/\/clan-nordag.com\/?s={search_term_string}\"},\"query-input\":\"required name=search_term_string\"}],\"inLanguage\":\"fr-FR\"}]}<\/script>\n<!-- \/ Yoast SEO plugin. -->","yoast_head_json":{"title":"Bio - Clan Nordag","robots":{"index":"index","follow":"follow","max-snippet":"max-snippet:-1","max-image-preview":"max-image-preview:large","max-video-preview":"max-video-preview:-1"},"canonical":"https:\/\/clan-nordag.com\/index.php\/bio\/","og_locale":"fr_FR","og_type":"article","og_title":"Bio - Clan Nordag","og_description":"Formation live en 2022-2023 avec de gauche \u00e0 droite Lilian, Simone, Frank et Hermine Tout commence en 2017 quand Frank Nordag poste son morceau \u00ab In utero \u00bb sur Facebook\u2026 Suite \u00e0 la d\u00e9couverte de ce morceau, Hermine (une amie bretonne) propose d\u2019enregistrer des choeurs. L\u2019embryon du groupe est n\u00e9. Tout un symbole ! A [&hellip;]","og_url":"https:\/\/clan-nordag.com\/index.php\/bio\/","og_site_name":"Clan Nordag","article_modified_time":"2024-02-19T19:50:09+00:00","og_image":[{"url":"https:\/\/clan-nordag.com\/wp-content\/uploads\/2023\/03\/316206320_569213245212557_895974132740999302_n-1024x683.jpg"}],"twitter_card":"summary_large_image","twitter_misc":{"Dur\u00e9e de lecture estim\u00e9e":"4 minutes"},"schema":{"@context":"https:\/\/schema.org","@graph":[{"@type":"WebPage","@id":"https:\/\/clan-nordag.com\/index.php\/bio\/","url":"https:\/\/clan-nordag.com\/index.php\/bio\/","name":"Bio - Clan Nordag","isPartOf":{"@id":"https:\/\/clan-nordag.com\/#website"},"datePublished":"2023-03-07T00:55:43+00:00","dateModified":"2024-02-19T19:50:09+00:00","breadcrumb":{"@id":"https:\/\/clan-nordag.com\/index.php\/bio\/#breadcrumb"},"inLanguage":"fr-FR","potentialAction":[{"@type":"ReadAction","target":["https:\/\/clan-nordag.com\/index.php\/bio\/"]}]},{"@type":"BreadcrumbList","@id":"https:\/\/clan-nordag.com\/index.php\/bio\/#breadcrumb","itemListElement":[{"@type":"ListItem","position":1,"name":"Accueil","item":"https:\/\/clan-nordag.com\/"},{"@type":"ListItem","position":2,"name":"Bio"}]},{"@type":"WebSite","@id":"https:\/\/clan-nordag.com\/#website","url":"https:\/\/clan-nordag.com\/","name":"Clan Nordag","description":"Site officiel du groupe","potentialAction":[{"@type":"SearchAction","target":{"@type":"EntryPoint","urlTemplate":"https:\/\/clan-nordag.com\/?s={search_term_string}"},"query-input":"required name=search_term_string"}],"inLanguage":"fr-FR"}]}},"_links":{"self":[{"href":"https:\/\/clan-nordag.com\/index.php\/wp-json\/wp\/v2\/pages\/544"}],"collection":[{"href":"https:\/\/clan-nordag.com\/index.php\/wp-json\/wp\/v2\/pages"}],"about":[{"href":"https:\/\/clan-nordag.com\/index.php\/wp-json\/wp\/v2\/types\/page"}],"author":[{"embeddable":true,"href":"https:\/\/clan-nordag.com\/index.php\/wp-json\/wp\/v2\/users\/1"}],"replies":[{"embeddable":true,"href":"https:\/\/clan-nordag.com\/index.php\/wp-json\/wp\/v2\/comments?post=544"}],"version-history":[{"count":20,"href":"https:\/\/clan-nordag.com\/index.php\/wp-json\/wp\/v2\/pages\/544\/revisions"}],"predecessor-version":[{"id":638,"href":"https:\/\/clan-nordag.com\/index.php\/wp-json\/wp\/v2\/pages\/544\/revisions\/638"}],"wp:attachment":[{"href":"https:\/\/clan-nordag.com\/index.php\/wp-json\/wp\/v2\/media?parent=544"}],"curies":[{"name":"wp","href":"https:\/\/api.w.org\/{rel}","templated":true}]}}